5051 composite?
False
Is 7411 a composite number?
False
Is 1797047 prime?
False
Is 804833 prime?
True
Is 23663 a composite number?
False
Is 1361 a prime number?
True
Is 11721 a composite number?
True
Is 39981 composite?
True
Is 9521 composite?
False
Is 6385 a composite number?
True
Is 1409 a prime number?
True
Is 1541 a composite number?
True
Is 67679 prime?
True
Is 133519 composite?
False
Is 469 a composite number?
True
Is 146841 a composite number?
True
Is 96559 a prime number?
False
Is 4409 prime?
True
Is 10445 prime?
False
Is 5815 a prime number?
False
Is 5381 a prime number?
True
Is 1450339 a composite number?
True
Is 63667 a prime number?
True
Is 50047 a composite number?
False
Is 38351 composite?
False
Is 85431 prime?
False
Is 1703 prime?
False
Is 1131023 a prime number?
True
Is 247337 a composite number?
False
Is 285823 prime?
True
Is 167639 a prime number?
False
Is 16087 composite?
False
Is 11651 a composite number?
True
Is 9917 prime?
False
Is 2101 prime?
False
Is 89479 a composite number?
True
Is 90049 prime?
False
Is 102629 a composite number?
True
Is 51671 composite?
True
Is 89717 a prime number?
False
Is 11474 a composite number?
True
Is 808981 prime?
True
Is 2965541 composite?
False
Is 5873 prime?
False
Is 247901 a prime number?
True
Is 892129 composite?
True
Is 3833 prime?
True
Is 2633 prime?
True
Is 821005 composite?
True
Is 1087 a composite number?
False
Is 311307 composite?
True
Is 542 prime?
False
Is 11197 a composite number?
False
Is 35759 a prime number?
True
Is 16499 a prime number?
False
Is 25523 prime?
True
Is 17903 a composite number?
False
Is 6449 a prime number?
True
Is 96953 a composite number?
False
Is 3310253 prime?
True
Is 1460003 composite?
False
Is 416899 composite?
True
Is 61351 a prime number?
False
Is 40879 composite?
False
Is 24599 a prime number?
False
Is 1369619 a prime number?
True
Is 15551 a composite number?
False
Is 24685 composite?
True
Is 5331 a composite number?
True
Is 15787 prime?
True
Is 130957 a prime number?
True
Is 367427 prime?
True
Is 7255 a composite number?
True
Is 27901 prime?
True
Is 4393 a composite number?
True
Is 4957 a prime number?
True
Is 318077 composite?
False
Is 337189 prime?
True
Is 60483 a composite number?
True
Is 5581 composite?
False
Is 13397 prime?
True
Is 766 composite?
True
Is 13781 composite?
False
Is 31469 composite?
False
Is 14609 a prime number?
False
Is 5627 prime?
False
Is 1019 composite?
False
Is 4874593 a composite number?
True
Is 219433 a composite number?
False
Is 136909 prime?
False
Is 1043 a composite number?
True
Is 522419 a prime number?
False
Is 341533 a composite number?
True
Is 3554 a composite number?
True
Is 78949 prime?
False
Is 11197 a prime number?
True
Is 1318 prime?
False
Is 702007 a composite number?
False
Is 65357 composite?
False
Is 21407 prime?
True
Is 10517 prime?
False
Is 549253 a composite number?
True
Is 17341 a composite number?
False
Is 3862927 composite?
True
Is 2461 a prime number?
False
Is 13595 composite?
True
Is 2314129 a composite number?
True
Is 42382 a prime number?
False
Is 1511 prime?
True
Is 5789 a composite number?
True
Is 27847 a prime number?
True
Is 61627 composite?
False
Is 995091 prime?
False
Is 1187 composite?
False
Is 313879 composite?
False
Is 128713 a prime number?
False
Is 4511 prime?
False
Is 49355 a composite number?
True
Is 776621 prime?
False
Is 7534 a prime number?
False
Is 18527 composite?
True
Is 3975353 a prime number?
True
Is 18251 composite?
False
Is 369883 a composite number?
True
Is 306787 composite?
True
Is 119263 a prime number?
False
Is 10379 a composite number?
True
Is 43057 prime?
False
Is 252869 prime?
True
Is 311951 a composite number?
False
Is 152027 a composite number?
False
Is 3314 a composite number?
True
Is 545 a composite number?
True
Is 4907 a composite number?
True
Is 6598 a prime number?
False
Is 621367 prime?
False
Is 561461 composite?
False
Is 9287 composite?
True
Is 213173 composite?
False
Is 27899 composite?
True
Is 7405 a composite number?
True
Is 3103 a prime number?
False
Is 9753 a prime number?
False
Is 179801 a composite number?
False
Is 82743 prime?
False
Is 136501 a prime number?
True
Is 125437 a composite number?
True
Is 521861 composite?
False
Is 7609 prime?
False
Is 141917 a prime number?
True
Is 1306 prime?
False
Is 33433 prime?
False
Is 284039 prime?
False
Is 41843 a prime number?
True
Is 785 a prime number?
False
Is 23407 a prime number?
False
Is 301807 a prime number?
False
Is 1007 a prime number?
False
Is 141829 a prime number?
True
Is 10243 a composite number?
False
Is 699 prime?
False
Is 64109 composite?
False
Is 66841 prime?
True
Is 4117 prime?
False
Is 156761 composite?
True
Is 106903 composite?
False
Is 15497 a prime number?
True
Is 8287 composite?
False
Is 11091 prime?
False
Is 682963 composite?
True
Is 10129 a composite number?
True
Is 1479539 a composite number?
False
Is 2789 a composite number?
False
Is 2203 a composite number?
False
Is 100577 prime?
False
Is 145913 prime?
False
Is 231529 prime?
True
Is 5755 a composite number?
True
Is 1903 composite?
True
Is 577615 prime?
False
Is 73495 prime?
False
Is 423069 a prime number?
False
Is 1618501 a composite number?
False
Is 14173 a composite number?
False
Is 13577 composite?
False
Is 66901 a prime number?
False
Is 3047 a composite number?
True
Is 81793 a composite number?
True
Is 81227 composite?
True
Is 135887 prime?
True
Is 688087 a prime number?
True
Is 6799 composite?
True
Is 5731 composite?
True
Is 2179 a composite number?
False
Is 2648747 a composite number?
True
Is 431143 prime?
False
Is 42707 composite?
True
Is 16343 composite?
True
Is 12013 a prime number?
False
Is 195919 prime?
True
Is 243029 a prime number?
False
Is 73289 a composite number?
True
Is 17902 a composite number?
True
Is 26237 prime?
True
Is 12273 a prime number?
False
Is 332611 a composite number?
False
Is 2302 composite?
True
Is 27323 a composite number?
True
Is 55649 prime?
False
Is 18947 a composite number?
False
Is 376729 prime?
True
Is 2357 prime?
True
Is 19661 a composite number?
False
Is 112753 prime?
False
Is 436991 a prime number?
False
Is 390323 a composite number?
False
Is 95449 composite?
True
Is 1868831 a composite number?
True
Is 12461 a prime number?
False
Is 16661 a prime number?
True
Is 511811 prime?
True
Is 312667 prime?
False
Is 1297979 a composite number?
False
Is 14995 composite?
True
Is 100343 composite?
False
Is 50062 a prime number?
False
Is 49363 prime?
True
Is 111119 composite?
False
Is 127599 a prime number?
False
Is 35143 a composite number?
True
Is 4531 prime?
False
Is 60539 a composite number?
False
Is 2333 prime?
True
Is 55294 prime?
False
Is 83417 a prime number?
True
Is 5437 prime?
True
Is 419077 a prime number?
False
Is 10949 a composite number?
False
Is 99629 prime?
False
Is 4499 composite?
True
Is 635479 composite?
True
Is 36991 a composite number?
True
Is 206153 a composite number?
False
Is 1618 prime?
False
Is 290237 prime?
False
Is 305917 a composite number?
False
Is 91519 composite?
True
Is 20245 a composite number?
True
Is 56038 a composite number?
True
Is 358783 prime?
True
Is 817417 a prime number?
False
Is 35737 a prime number?
False
Is 1649 prime?
False
Is 123359 a prime number?
False
Is 77849 prime?
True
Is 1693 a prime number?
True
Is 14939 a composite number?
False
Is 1347 a composite number?
True
Is 2505773 a prime number?
True
Is 13479 composite?
True
Is 4428421 prime?
True
Is 2839283 composite?
False
Is 2129 a composite number?
False
Is 15395 a composite number?
True
Is 7387 composite?
True
Is 163753 a composite number?
False
Is 1910869 prime?
True
Is 1811 prime?
True
Is 13163 prime?
True
Is 1317 composite?
True
Is 27143 a composite number?
False
Is 6449 a prime number?
True
Is 1704791 prime?
False
Is 4045 a composite number?
True
Is 69491 prime?
True
Is 24851 a prime number?
True
Is 5091 a composite number?
True
Is 47179 prime?
False
Is 305 a composite number?
True
Is 216211 a composite number?
False
Is 2159 prime?
False
Is 44741 a prime number?
True
Is 16255 a prime number?
False
Is 9767 composite?
False
Is 6649 prime?
False
Is 9586 prime?
False
Is 28195 a composite number?
True
Is 1709 composite?
False
Is 6067 a prime number?
True
Is 35135 prime?
False
Is 13031 a prime number?
Fal